ivided by p.
16
Suppose 4*g = 5*m - 1044, -7*g + 2*g = 2*m + 1272. Let j = 840 + g. Calculate the remainder when 46 is divided by j/24 - (-2)/(-6).
22
Let n(o) = -3*o - o**2 - 4 + 3 - 4*o - o. Let p(q) = q**2 + 6*q + 2. Let f be p(-4). What is the remainder when 20 is divided by n(f)?
9
Suppose -u - f + 3 = -0*u, 24 = 2*u - 4*f. Suppose -4*o + 10 = -u. Suppose -4*t = 12, -3*t + 50 = o*a + 11. What is the remainder when 35 is divided by a?
11
Let f = 5 + 3. Let v = 16 - f. What is the remainder when 14 is divided by v?
6
Suppose -4*n - 2*j = -104, 4*n = -0*j - 5*j + 98. Let w = -11 + 18. Calculate the remainder when n is divided by w.
6
Suppose -4*h + 2*h = -8. What is the remainder when h is divided by (1 + 2)/((-3)/(-2))?
0
Let f be 60/14*(-2 - -9). Suppose -f - 30 = -3*n. Calculate the remainder when 58 is divided by n.
18
What is the remainder when 36 is divided by 16 + 6*(-3)/6?
10
Suppose 7*q = -7*q + 168. Calculate the remainder when 106 is divided by q.
10
Let c(a) = 2*a**2 - 11*a. What is the remainder when 22 is divided by c(6)?
4
Let c = -23 + 53. What is the remainder when c is divided by 18?
12
Let u be 9/(-3 - 0) - -3. Suppose -5*x - 5*h + 4*h = -23, -5*x - 4*h + 17 = u. What is the remainder when 14 is divided by x?
4
Let k(h) = h**2 - h - 5. What is the remainder when 45 is divided by k(6)?
20
Let t(j) = j + 21. Let n(w) = -20*w + 1. What is the remainder when n(-2) is divided by t(-10)?
8
Let j be (3 - 7) + (-1)/1. Let l(r) be the second derivative of r**4/12 + r**3 + 7*r**2/2 + r. What is the remainder when l(j) is divided by 2?
0
Let x = 46 - 32. Let i(t) = -9*t - 1. Let v be (4/(-5))/((-2)/(-15)). What is the remainder when i(v) is divided by x?
11
Let p be (-6)/21 - (-37)/7. Suppose -p*o = -3*c - 2*o + 15, -4*o + 25 = 5*c. Let b = 35 + -22. Calculate the remainder when b is divided by c.
3
Let h = -23 - -35. Calculate the remainder when 93/(-2)*h/(-9) is divided by 13.
10
Let b(z) = z**3 + 11*z**2 + 3*z - 5. Let n be b(-7). Suppose -n = -4*t - 6*w + 3*w, 2*t + w = 84. Calculate the remainder when t is divided by 14.
13
Suppose 7*g - 26 = 65. Calculate the remainder when 24 is divided by g.
11
Calculate the remainder when 65 is divided by 38 + -8 + (5 - 1).
31
Suppose 4*w - 460 = -6*w. Calculate the remainder when 182 is divided by w.
44
Suppose 4*v + 5*q - 90 = 0, -2*q = -5*v + 6*v - 24. Suppose 0 = 2*d + 17 - 175. Calculate the remainder when d is divided by v.
19
Suppose -h - h + 150 = 4*f, 300 = 4*h - 5*f. What is the remainder when 6/24 - h/(-4) is divided by 7?
5
Suppose -10 = 8*z - 13*z. Suppose -2*c + 16 = -0. Suppose -2 + c = z*w. What is the remainder when 4 is divided by w?
1
Let g = -1 + 3. Suppose 2*n + 3*t = -g, -n + 2*t - 4 = 5*t. Let q = -2 + 3. What is the remainder when n is divided by q?
0
Suppose 2*c + 3*v = -0*c + 40, -5*v = 5*c - 100. Let m = 91 - 33. What is the remainder when m is divided by c?
18
Let g = 1 + -3. What is the remainder when (7 + g)*6/5 is divided by -1 - 4/(-2) - -3?
2
Suppose -3*r = -3*a + 54, -5*a + 2*r + 60 + 15 = 0. What is the remainder when 88 is divided by a?
10
Suppose 0 = -0*x - x + 3*m - 2, -5*m - 1 = -2*x. Suppose 4*g - 5*g + 3 = -2*i, 3*g - 5*i = x. What is the remainder when 43 is divided by g?
10
Let w(m) be the first derivative of m**3/3 + 5*m**2/2 - 3*m + 1. Let q = 8 - 3. Calculate the remainder when w(q) is divided by 16.
15
Let o = -1 - -7. Calculate the remainder when o is divided by (-15)/(-6) - (-2)/(-4).
0
Suppose 7*p - 601 = -153. Calculate the remainder when p is divided by 6.
4
Let y = -4 + 6. Suppose -66 = -o - y*o. Calculate the remainder when 43 is divided by o.
21
Suppose 3*v - 56 = -2*t, 4*t - 5*v - 50 - 18 = 0. Calculate the remainder when 129 is divided by t.
19
Let z = -106 + 140. What is the remainder when z is divided by 5?
4
Calculate the remainder when 34 is divided by ((-3)/(-4))/((-1)/(-24)).
16
Let a(v) = v**3 - 5*v**2 + 5. Let z = 12 - 7. Let n be a(z). Suppose 3*l - 2*l + 3 = 0, -n*d = l - 42. What is the remainder when 25 is divided by d?
7
Calculate the remainder when 3/(-10)*-2 + (-4114)/(-85) is divided by 13.
10
Suppose 2*t - 7*t - 60 = -2*g, -4*t + g = 45. Let h(w) = -w - 3. Calculate the remainder when h(t) is divided by 4.
3
Calculate the remainder when 69 is divided by 59/3 + 7/21.
9
Suppose -15 = 4*m - 4*z - 111, -61 = -4*m - 3*z. Suppose -2 - 22 = 3*l + 3*h, -l - 2*h = 6. What is the remainder when (-8 - 14)*l/4 is divided by m?
17
Suppose 174 = t - s - 61, -3*t + s = -709. What is the remainder when t is divided by 15?
12
Let m = 96 + -39. What is the remainder when m is divided by 30?
27
Suppose 2*q - 11 = 25. What is the remainder when 50 is divided by q?
14
Let n = 81 - 54. Suppose 98*o + 15 = 99*o. What is the remainder when n is divided by o?
12
Let n = 10 - 12. Let b be 97*n/(1 - -1). Let u = b + 146. What is the remainder when u is divided by 13?
10
Suppose 4*n = 0, 0*n + 5*n = 2*x - 96. Let c = x + -16. Calculate the remainder when c is divided by 17.
15
Suppose 7*h - 8*h - 17 = -t, 5*h = -5. What is the remainder when 75 is divided by t?
11
Let b be ((-14)/(-2))/(4/(-12)). Calculate the remainder when 9 is divided by 14/b + 17/3.
4
Suppose 2*j + 81 = -j. Let c = j + 38. What is the remainder when 32 is divided by c?
10
Let r(x) = -x**2 - 13*x + 49. Let p be (-1)/3 - (-8)/6. Let f = 2 - p. What is the remainder when r(-16) is divided by f?
0
Let z(s) = 4*s + s - 4*s. Let n be z(5). Suppose -2*a = 4*j - 60, -3*j = -n*a + a - 56. What is the remainder when 46 is divided by j?
14
Suppose -x = l + 5 - 20, l = -2. Calculate the remainder when 1/(-1*3/(-93)) is divided by x.
14
Let o be -1 - (3/3 - 97). Suppose 3*g - 251 + o = 0. Calculate the remainder when g is divided by ((-6)/(-15))/((-1)/(-45)).
16
Let b = -33 - -90. Calculate the remainder when b is divided by 29.
28
Let z = -32 + 54. Let g = z + -2. What is the remainder when g is divided by 7?
6
Let i(q) = 3*q - 4. Calculate the remainder when 18 is divided by i(5).
7
Let m(b) = -19*b. Let x be m(-1). Suppose -3*u + h - x = 0, -4*h - 2 = u - 0*u. Calculate the remainder when 5 is divided by 4/3*(-9)/u.
1
Let i = 169 + -102. Calculate the remainder when i is divided by 23.
21
Suppose -3*m + 44 - 62 = 0. Suppose 0 = -4*i + 10 - 42. Calculate the remainder when 52 is divided by (m/i)/(2/48).
16
Let g(d) = 2*d**3 - d**2 + 3*d - 2. Suppose -3*q + 5*q - s = 87, -q = 3*s - 61. What is the remainder when q is divided by g(2)?
14
Let y(q) = -q**3 + 9*q**2 + 8*q + 23. Let n be y(10). Suppose -h - 2 = 0, 0*w + h - 235 = -n*w. Calculate the remainder when w is divided by 16.
15
Calculate the remainder when 55 is divided by 58/1*((-26)/(-4) + -6).
26
Let f = 234 + -211. What is the remainder when f is divided by 4?
3
Let r be (-1)/2 - (-38)/(-4). Let v be -1*8/r*-5. Calculate the remainder when 278/7 - v/14 is divided by 14.
12
Suppose 5*r + 2*x + 3 = 0, -6 = 2*x + 2. Let b = 11 + -11. Suppose -r = -b*m - m. What is the remainder when 1 is divided by m?
0
Let v(s) = s**3 - 5*s**2 - 9*s - 4. Suppose -5*p + 15 = -70. Calculate the remainder when v(7) is divided by p.
14
Let y(f) = f - 8. What is the remainder when 11 is divided by y(11)?
2
Let a(q) = 2*q**2 + 2*q - 1. Let d be a(-2). Let o(x) = x + d*x - 4*x - 10 - 4*x. Calculate the remainder when o(-7) is divided by 5.
3
Let f(y) = y**3 - 8*y**2 + 2*y - 9. Calculate the remainder when 25 is divided by f(8).
4
Let u(o) = -o**3 - 4*o**2 + 2*o - 3. What is the remainder when u(-6) is divided by 15?
12
Let g(k) = -k + 51. What is the remainder when g(0) is divided by 18?
15
Calculate the remainder when 4*1*(-54)/(-8) is divided by 10.
7
Let n(v) = v**3 + 7*v**2 - 12*v - 3. Calculate the remainder when 113 is divided by n(-8).
26
Suppose 5*b + 4*h - 14 = -0*h, 0 = h - 1. Let g = b - -14. Calculate the remainder when 30 is divided by g.
14
Let o = 7 + -3. Let m = o - 3. Let n(v) = 6*v**2 + v. What is the remainder when 20 is divided by n(m)?
6
Suppose -2*b - 4 = -0. Let n = 8 - b. What is the remainder when 28 is divided by n?
8
Suppose 0 = 2*h - 4*s - 100, -2*s = -5*h + 3*h + 92. What is the remainder when h is divided by 11?
9
Suppose -9*r = 5 - 122. What is the remainder when r is divided by 8?
5
Suppose 21*q + 189 = 24*q. Calculate